in base 5?
10
What is -7 (base 9) in base 8?
-7
22 (base 4) to base 15
a
What is 31 (base 5) in base 13?
13
What is -123 (base 4) in base 16?
-1b
-106 (base 15) to base 8
-347
What is -2d (base 15) in base 6?
-111
10 (base 4) to base 16
4
What is 35 (base 10) in base 5?
120
-41 (base 5) to base 13
-18
Convert 10211 (base 3) to base 2.
1100111
Convert -3 (base 7) to base 15.
-3
What is 37 (base 8) in base 16?
1f
What is -4 (base 12) in base 15?
-4
What is -5 (base 7) in base 3?
-12
Convert 8 (base 9) to base 8.
10
-232 (base 4) to base 9
-51
Convert -11 (base 4) to base 9.
-5
Convert 2 (base 16) to base 13.
2
What is 4 (base 6) in base 4?
10
What is -3 (base 9) in base 16?
-3
Convert 1012 (base 4) to base 12.
5a
What is -20 (base 9) in base 14?
-14
Convert -26 (base 9) to base 5.
-44
26 (base 8) to base 15
17
What is -43 (base 5) in base 15?
-18
Convert 4 (base 12) to base 6.
4
-80 (base 11) to base 7
-154
Convert 0 (base 10) to base 9.
0
-364 (base 7) to base 2
-11000001
What is 406 (base 8) in base 3?
100201
What is 1a (base 11) in base 12?
19
Convert -7 (base 11) to base 15.
-7
-11 (base 9) to base 12
-a
Convert 334 (base 6) to base 13.
a0
107 (base 8) to base 3
2122
What is -16 (base 7) in base 11?
-12
Convert -27 (base 9) to base 10.
-25
2 (base 10) to base 6
2
1 (base 9) to base 14
1
Convert 43 (base 7) to base 2.
11111
Convert 11000100 (base 2) to base 12.
144
Convert -46 (base 11) to base 2.
-110010
What is -13 (base 13) in base 5?
-31
What is -15 (base 9) in base 16?
-e
What is 111 (base 2) in base 6?
11
Convert -3 (base 9) to base 4.
-3
What is 2013 (base 4) in base 13?
a5
-214 (base 5) to base 16
-3b
What is 55 (base 8) in base 13?
36
What is 0 (base 11) in base 14?
0
Convert -3b (base 15) to base 8.
-70
Convert 121 (base 4) to base 15.
1a
What is -12 (base 8) in base 12?
-a
Convert -98 (base 10) to base 15.
-68
0 (base 10) to base 6
0
What is 0 (base 6) in base 13?
0
What is -8 (base 16) in base 7?
-11
Convert -1 (base 12) to base 9.
-1
-1 (base 16) to base 6
-1
What is -2222 (base 3) in base 15?
-55
Convert -1a (base 15) to base 11.
-23
Convert -1110 (base 3) to base 5.
-124
20 (base 7) to base 8
16
What is 6 (base 13) in base 8?
6
-197 (base 12) to base 4
-10003
-b (base 15) to base 4
-23
What is 111 (base 2) in base 3?
21
What is 6 (base 16) in base 14?
6
What is 5 (base 16) in base 11?
5
Convert 0 (base 2) to base 7.
0
-141 (base 5) to base 7
-64
Convert 9a (base 12) to base 6.
314
Convert -1011 (base 2) to base 8.
-13
Convert 0 (base 10) to base 5.
0
What is -7 (base 13) in base 15?
-7
Convert -6 (base 9) to base 3.
-20
-87 (base 11) to base 9
-115
Convert -22 (base 4) to base 3.
-101
3 (base 5) to base 10
3
What is -21 (base 16) in base 5?
-113
Convert -4 (base 14) to base 2.
-100
Convert -32 (base 6) to base 5.
-40
1 (base 3) to base 14
1
What is 1 (base 13) in base 8?
1
Convert -10a (base 15) to base 5.
-1420
125 (base 9) to base 16
68
What is 20 (base 5) in base 12?
a
Convert -1 (base 13) to base 2.
-1
What is 0 (base 4) in base 9?
0
What is 2 (base 8) in base 11?
2
Convert -1 (base 14) to base 9.
-1
Convert -10020 (base 3) to base 16.
-57
What is -2 (base 14) in base 4?
-2
What is -1002 (base 3) in base 12?
-25
What is -1 (base 16) in base 2?
-1
-10010 (base 2) to base 5
-33
Convert -aa (base 15) to base 4.
-2200
2 (base 16) to base 2
10
Convert 0 (base 7) to base 13.
0
21 (base 16) to base 11
30
7 (base 10) to base 8
7
-110 (base 9) to base 7
-156
What is -4 (base 16) in base 5?
-4
What is -1a (base 15) in base 10?
-25
What is 4c (base 14) in base 3?
2112
What is -23 (base 13) in base 11?
-27
Convert -24 (base 9) to base 2.
-10110
Convert a (base 14) to base 11.
a
Convert 90 (base 11) to base 10.
99
10 (base 13) to base 3
111
What is 211 (base 4) in base 2?
100101
What is -11 (base 2) in base 16?
-3
What is -20200 (base 3) in base 13?
-10b
5 (base 12) to base 3
12
-25 (base 12) to base 10
-29
What is 0 (base 11) in base 6?
0
What is 101111 (base 2) in base 6?
115
What is -1000 (base 3) in base 7?
-36
Convert -31 (base 5) to base 14.
-12
Convert 3 (base 8) to base 16.
3
What is 221 (base 8) in base 12?
101
1 (base 6) to base 16
1
What is 1 (base 11) in base 4?
1
-88 (base 16) to base 6
-344
Convert -11 (base 3) to base 13.
-4
What is -1 (base 9) in base 16?
-1
What is -1121 (base 3) in base 2?
-101011
What is -b0 (base 12) in base 10?
-132
1 (base 3) to base 2
1
3a (base 16) to base 14
42
What is 42 (base 7) in base 12?
26
Convert -110010100 (base 2) to base 8.
-624
-186 (base 9) to base 10
-159
Convert 14 (base 11) to base 15.
10
Convert 82 (base 16) to base 5.
1010
f (base 16) to base 9
16
Convert 4 (base 5) to base 6.
4
Convert 13 (base 4) to base 6.
11
Convert 2 (base 4) to base 13.
2
What is -2 (base 15) in base 13?
-2
Convert -42 (base 13) to base 10.
-54
Convert -3 (base 7) to base 14.
-3
1111 (base 4) to base 6
221
Convert 3 (base 6) to base 15.
3
Convert -4 (base 5) to base 3.
-11
-10 (base 6) to base 15
-6
-3 (base 11) to base 9
-3
Convert 110 (base 3) to base 13.
c
Convert -3 (base 15) to base 2.
-11
4 (base 12) to base 7
4
0 (base 8) to base 7
0
What is 124 (base 6) in base 10?
52
What is 2 (base 5) in base 4?
2
-23 (base 13) to base 5
-104
Convert -1 (base 9) to base 4.
-1
What is -1d (base 15) in base 7?
-40
1001 (base 2) to base 9
10
Convert 10 (base 15) to base 11.
14
-74 (base 10) to base 4
-1022
19 (base 11) to base 3
202
1 (base 10) to base 12
1
-12 (base 6) to base 12
-8
What is 35 (base 8) in base 6?
45
Convert -1 (base 5) to base 12.
-1
What is 53 (base 16) in base 3?
10002
What is 8 (base 10) in base 13?
8
What is -96 (base 11) in base 5?
-410
13 (base 5) to base 4
20
12102 (base 3) to base 16
92
What is -130 (base 5) in base 2?
-101000
-1 (base 5) to base 16
-1
What is -16 (base 13) in base 6?
-31
What is 1 (base 11) in base 9?
1
Convert 4b (base 12) to base 2.
111011
Convert 42 (base 9) to base 15.
28
Convert 3 (base 5) to base 13.
3
What is -20 (base 12) in base 6?
-40
a (base 13) to base 12
a
What is 0 (base 9) in base 7?
0
-a (base 13) to base 2
-1010
Convert -32 (base 8) to base 2.
-11010
Convert -5 (base 8) to base 2.
-101
What is -8 (base 10) in base 11?
-8
Convert 10 (base 2) to base 10.
2
-1000100 (base 2) to base 5
-233
Convert -2 (base 6) to base 10.
-2
Convert 120 (base 4) to base 3.
220
Convert -444 (base 6) to base 8.
-254
1 (base 6) to base 10
1
-6 (base 14) to base 9
-6
Convert -100 (base 2) to base 16.
-4
Convert -8 (base 13) to base 14.
-8
What is 38 (base 14) in base 15?
35
-40 (base 10) to base 8
-50
What is -27 (base 11) in base 7?
-41
What is -2 (base 14) in base 16?
-2
a (base 15) to base 10
10
Convert -5 (base 16) to base 15.
-5
Convert 15b (base 15) to base 6.
1235
What is 8 (base 9) in base 11?
8
Convert -53 (base 10) to base 11.
-49
What is 8 (base 15) in base 6?
12
Convert 113 (base 12) to base 9.
186
Convert 1 (base 2) to base 16.
1
Convert 1c (base 13) to base 7.
34
Convert -3 (base 15) to base 6.
-3
6 (base 13) to base 4
12
Convert -5 (base 8) to base 3.
-12
Convert 4 (base 7) to base 5.
4
Convert 9 (base 12) to base 16.
9
Convert 380 (base 9) to base 12.
223
Convert 2 (base 4) to base 14.
2
-11 (base 7) to base 13
-8
What is -9 (base 15) in base 2?
-1001
Convert 8 (base 13) to base 10.
8
What is -11020 (base 3) in base 10?
-114
What is -a (base 12) in base 14?
-a
What is -15 (base 7) in base 4?
-30
Convert 100 (base 2) to base 16.
4
What is 2a1 (base 11) in base 10?
353
4 (base 11) to base 14
4
Convert -3 (base 13) to base 3.
-10
What is -3 (base 10) in base 7?
-3
Convert 10011 (base 3) to base 7.
151
-4 (base 10) to base 14
-4
What is 9 (base 10) in base 5?
14
What is -4 (base 13) in base 12?
-4
What is 2f (base 16) in base 7?
65
Convert -6 (base 15) to base 14.
-6
Convert 1d (base 15) to base 9.
31
What is -221 (base 3) in base 2?
-11001
What is -22 (base 10) in base 11?
-20
Convert 21 (base 10) to base 3.
210
Convert -113 (base 4) to base 12.
-1b
What is -3 (base 9) in base 11?
-3
11 (base 2) to base 9
3
What is 1 (base 8) in base 2?
1
3 (base 6) to base 13
3
3 (base 6) to base 9
3
What is -1 (base 4) in base 16?
-1
What is -1 (base 4) in base 12?
-1
What is -25 (base 6) in base 15?
-12
Convert 132 (base 15) to base 11.
228
Convert -20 (base 15) to base 11.
-2